e greatest common divisor of w and 880?
80
Suppose 353*m = 348*m + 510. What is the highest common factor of 170 and m?
34
Suppose -17*q + 15*q + 12 = 0. Let p be (88/(-10))/(q/(-195)). Calculate the highest common divisor of 26 and p.
26
Suppose -2*z + 10 + 50 = 0. Let y be (-1)/(-2) - (-9082)/76. Calculate the greatest common divisor of z and y.
30
Suppose -3*u + 4 = -23. Let x(c) = -c**3 + 6*c**2 - c - 2. Let o be x(6). Let w = 11 + o. Calculate the highest common factor of w and u.
3
Let c be 5/(4/(-60)*-5). Let q be (-8)/10 + 1722/c. Let w = 312 - q. What is the highest common divisor of 22 and w?
22
Let h be 13*(-2 + -2 - -6). Suppose 5*u = -5*k + 84 - 29, k - h = 4*u. Calculate the highest common divisor of 98 and k.
14
Let y(d) = 19*d + 7. Let f be y(6). Let b = 654 + -643. Calculate the greatest common divisor of b and f.
11
Let n be 2766/21 - (-4 - (-208)/56). Calculate the highest common divisor of n and 660.
132
Let b be -1 - 41*(1 + -2). Let x(y) = y**2 + 8*y + 17. Let i = -52 - -45. Let k be x(i). What is the greatest common factor of k and b?
10
Suppose 0 = 5*d + k - 3244, 4*d - 105*k = -101*k + 2576. What is the highest common divisor of 288 and d?
72
Let c = 243 + -224. Calculate the highest common divisor of 437 and c.
19
Suppose 0 = -4*c + 4*r + 168, -5*r - 45 = -2*c + 33. What is the highest common factor of c and 33?
11
Let n(s) = s**3 - 13*s**2 + 12*s + 17. Let g be n(12). Calculate the greatest common factor of g and 153.
17
Let p be -7*544/357*(-9)/2. What is the greatest common factor of 3 and p?
3
Suppose l + 1 = d - 0*d, -5*l + 16 = 2*d. Suppose -6*g + 3 = -d*g. Let i be -3 + (-35 - g)/(-4). What is the greatest common factor of 6 and i?
6
Let m be (-20)/(-4) - (16 - 15). Calculate the highest common factor of 52 and m.
4
Let h = 0 + 0. Suppose h*s - 585 = -5*s. Let t = -52 - -65. What is the highest common divisor of s and t?
13
Let q be -12*(-3)/6*168/36. What is the highest common factor of q and 126?
14
Let u be 302 - 0 - (16 + -18). Suppose 81 = 5*v - u. What is the highest common divisor of v and 11?
11
Suppose -3*a = -5*i - 888, 3*i + i - 279 = -a. Suppose -3*l + a = 3*b + 69, 5*l - 378 = 3*b. What is the highest common factor of l and 30?
15
Suppose 0 = 4*b - 3*q - 669, -b + 8*q + 151 = 4*q. Calculate the highest common divisor of 9 and b.
9
Let b(g) = g**3 + 10*g**2 - 3*g + 2. Let y be b(-10). Suppose 13*c = d + 14*c - 34, 3*d = -c + 98. What is the highest common divisor of d and y?
32
Let q be ((-2108)/(-20) - 0) + 2/(-5). Let x = q - -324. Calculate the greatest common factor of 39 and x.
39
Let j(a) = -a**3 - 11*a**2 + 17*a - 27. Let p be j(-13). Calculate the highest common factor of p and 30.
30
Let h = 124 - 32. Let o be (h/16)/(2/24). Let q = -29 + o. What is the highest common factor of q and 10?
10
Suppose 8*y + 4*a - 310 = 3*y, 5*a = 0. Let o = y - 53. Calculate the greatest common factor of 72 and o.
9
Let p be (0 - 2)/((-14)/(-63)). Let z = p - -19. Let s(f) = -80*f**3 - 2*f**2 + 8*f + 10. Let m be s(-1). What is the highest common divisor of z and m?
10
Let r = -720 + 873. What is the greatest common divisor of 9 and r?
9
Suppose 0*l - 24 = 2*l. Let d be (-4)/(-14) + (480/(-14) - -4). Let r = l - d. Calculate the highest common factor of r and 2.
2
Let o be 44/((-13)/(-3) + -5 - (-2 - 0)). Let u be -2 + 2 - (-1 + -6). Let b be 4/6 + u/3. Calculate the greatest common factor of o and b.
3
Let z = -197 + 111. Let r = z - -106. Calculate the greatest common divisor of 2 and r.
2
Suppose 21 = 15*g - 10*g + 2*t, -3*g + 18 = 3*t. Let f be (-1)/4 + (-98)/(-8). Let m = f + g. Calculate the greatest common factor of m and 135.
15
Let q(u) be the third derivative of u**4/24 - u**3/3 - 3*u**2. Let r be q(4). Suppose -3*p + 13 = -r*p. Calculate the greatest common divisor of 65 and p.
13
Let d = -42 - -329. Calculate the greatest common factor of 41 and d.
41
Suppose 8 = o + 3. Suppose -9*v + 128 = -o*v. Calculate the highest common factor of v and 8.
8
Let s = 548 + -531. What is the highest common divisor of 323 and s?
17
Let n(o) = 10*o**2 + 70*o - 139*o + 19 - o**3 + 69*o. Let b be n(9). Calculate the highest common factor of 20 and b.
20
Let d = 9 + -4. Suppose 0 = -d*h + 39 - 9. Let k be (h/(-4))/((-5)/130). Calculate the highest common divisor of k and 13.
13
Let r = -5 + 9. Let u(t) = t + 1. Let x be u(r). Let s(a) = a**2 - a - 6. Let q be s(x). What is the highest common factor of q and 126?
14
Let d = 139 - 137. Let t = -7 - -13. Suppose 0 = -t*y + 7*y - 22. Calculate the greatest common divisor of d and y.
2
Let z(l) = -l**2 + 13*l + 149. Let i be z(-7). What is the greatest common factor of i and 18?
9
Let a(m) = -7*m - 33. Let z(h) = h**2 - 5*h - 13. Let d be z(6). Let b be a(d). Let q = 172 + -92. What is the highest common factor of b and q?
16
Suppose 0 = 5*g, 64 = 2*d + 471*g - 473*g. Let h(l) = 1 - 7 - 2 - 8*l. Let c be h(-7). What is the highest common factor of d and c?
16
Let x(b) = b**3 + 6*b**2 + 5*b + 4. Let g be x(-3). Suppose 0 = 7*l - 37 - 159. Let z = l - g. Calculate the highest common divisor of z and 12.
12
Let a = -95 + 97. Suppose a*t = 2*m + 46, -2*t + 6*t = 2*m + 94. Calculate the greatest common factor of 32 and t.
8
Let c be -1 - -14 - (-7 + 4). Let y = 321 - 241. What is the highest common divisor of y and c?
16
Suppose -5*j = -4*q + q + 27, 2*j - 2 = -2*q. Let v = q - -117. Calculate the highest common factor of v and 11.
11
Let q = -90 - -222. Let t be (1 - 0)/((-2)/(-66)). What is the greatest common factor of q and t?
33
Suppose -16*y = -10*y - 186. Let z = 480 - 322. Suppose z = v + 4*v - 3*a, 122 = 4*v + 2*a. Calculate the highest common divisor of y and v.
31
Suppose -51 = -3*o + 105. Let n = -34 + o. Suppose 8*m - 4*t = 3*m + 38, -5*t = 4*m - 14. Calculate the greatest common divisor of n and m.
6
Let g(y) = 2*y + 10. Let k(z) = -3*z - 20. Let w(p) = 5*g(p) + 2*k(p). Let l be w(7). What is the highest common divisor of l and 57?
19
Suppose -4*b - 2 = -4*s + 6, 4*s - 20 = 0. Suppose -61 = -r - r - b*y, 23 = r + 3*y. What is the highest common factor of 57 and r?
19
Suppose m - 3*w - 14 = 0, 3*w = m + 3*m - 65. Suppose 0 = 4*l - 0*l - 20. Suppose 612 = l*v - v. What is the greatest common divisor of m and v?
17
Let b be 14/(-21) + (2 - (-202)/6). What is the highest common divisor of b and 21?
7
Let x(y) = -y**3 - 5*y**2 + 3*y + 6. Let b be x(-6). Suppose 3*m + 4*u = 148, -27*u = -23*u - 4. What is the greatest common factor of m and b?
24
Suppose -b = -2717 + 2704. What is the greatest common divisor of 104 and b?
13
Suppose -5*v - 4*t + 144 = 0, v + 2*t - 6 = 18. Suppose -2*r + 360 = 6*r. Suppose -r*l = -51*l + 480. Calculate the greatest common divisor of v and l.
16
Suppose -40 = -3*x - u, 38*u = -2*x + 39*u + 35. Calculate the greatest common factor of 1245 and x.
15
Suppose -3*q = -q - 64. Suppose 5*k - q = 8. Let p be (-11 + -4)*k/(-12). What is the highest common divisor of 50 and p?
10
Suppose 5*k - 108 = -18. Suppose -4*h + 3*h = -a - 16, h + a = 2. What is the highest common divisor of h and k?
9
Suppose -4*y = 4*x - 0 - 68, 5*x = 5*y - 55. Calculate the greatest common factor of 10 and y.
2
Let y be 11438/10 + (-13)/(585/(-54)). What is the highest common divisor of y and 5?
5
Let i be 1/6 + 3/(-18). Suppose 4*d = u - 8, i = u - 2*d + 4*d - 2. Let f be u + (2 - 206)/(-4). Calculate the greatest common divisor of f and 11.
11
Let u = 818 - 466. What is the greatest common divisor of 11 and u?
11
Suppose 5*d + 1 = -3*n + 115, -d = 4*n - 16. Suppose 2*j - 178 = -2*k, 0 = 2*k + 2*j - j - 173. Calculate the greatest common factor of k and d.
12
Let q(t) = -t**3 - 40*t**2 - 40*t + 137. Let f be q(-39). Calculate the highest common factor of f and 55.
11
Let a(g) = -g**3 - 7*g**2 + 6. Let y(w) = -w**2 - 5*w - 1. Let i be y(-6). Let q be a(i). Calculate the greatest common factor of q and 90.
6
Suppose 0 = 2*b - 5 - 85. What is the highest common divisor of b and 63?
9
Let g(p) = -42*p - 126. Let q be g(-13). What is the highest common factor of 14 and q?
14
Suppose -3*s + 169 = -3*k - 509, s - 5*k - 210 = 0. What is the highest common factor of 10 and s?
10
Let u(i) = 25*i - 68. Let c be u(3). What is the highest common factor of 91 and c?
7
Suppose 0 =